-p**3 - 30*p**2 - 57*p - 26. Determine h(-28).
2
Let a(t) = 6*t + 268. Give a(-44).
4
Let q(s) = s**3 + 11*s**2 + 15*s - 14. What is q(-9)?
13
Let y(n) = 7*n - 10. Determine y(4).
18
Let t(k) = 3*k**2 - 67*k + 19. Give t(21).
-65
Let d(r) = r**3 + 23*r**2 - 25*r + 21. Give d(-24).
45
Let a(r) = r**3 + 2*r**2 - 11*r + 23. Give a(-5).
3
Let t(m) = -27*m + 193. What is t(7)?
4
Let c(k) = 2*k**2 + 15*k + 24. Calculate c(-6).
6
Let y(w) = 3*w**2 + 2*w + 1. Calculate y(-1).
2
Let l(x) = -x**3 + 10*x**2 - 22*x - 14. Calculate l(6).
-2
Let y(h) = -4*h**3 + 41*h**2 - 7*h - 21. Calculate y(10).
9
Let y(w) = -w**3 - 3*w**2 + 1. Calculate y(-2).
-3
Let a(f) = -f**3 + 12*f**2 + f - 8. What is a(12)?
4
Let m(z) = 2*z + 11. What is m(-4)?
3
Let z(j) = j**3 + 30*j**2 + 85*j + 110. Determine z(-27).
2
Let w(d) = 6*d**2 - 8*d + 4. Determine w(3).
34
Let q(v) = -v**2 + 11*v + 1. Determine q(10).
11
Let i(y) = -2*y**2 + 7*y + 14. Calculate i(7).
-35
Let z(i) = 24*i**2 + 9*i - 10. Give z(1).
23
Let x(m) = 3*m - 47. What is x(15)?
-2
Let x(i) = -7*i - 5. Calculate x(-1).
2
Let v(w) = -w**2 + 18*w + 41. Calculate v(19).
22
Let a(h) = 3*h**2 + 48*h - 48. What is a(-17)?
3
Let s(t) = -5*t + 3. Determine s(-6).
33
Let b(h) = 6*h + 43. Calculate b(-9).
-11
Let t(q) = q**2 + 6*q - 18. What is t(-9)?
9
Let b(c) = -4*c - 30. Calculate b(-7).
-2
Let u(g) = -35*g + 271. Calculate u(8).
-9
Let t(b) = -b**3 + 21*b**2 - 9. Determine t(21).
-9
Let t(u) = u**2 + 22*u - 30. Calculate t(-23).
-7
Let t(v) = 2*v**3 + 2*v**2 - 14*v - 9. Determine t(-4).
-49
Let x(p) = 3*p - 61. What is x(12)?
-25
Let a(g) = -25*g + 2. Determine a(2).
-48
Let l(k) = 3*k + 4. Give l(-10).
-26
Let z(p) = p**3 + 7*p**2 - 8*p - 3. Calculate z(-8).
-3
Let z(s) = -9*s - 23. Give z(-6).
31
Let k(v) = v + 10. Determine k(8).
18
Let d(v) = -v**2 + 5*v - 5. Determine d(6).
-11
Let o(c) = -5*c - 41. Determine o(-13).
24
Let a(u) = 29*u**2 + 8*u - 1. Determine a(1).
36
Let t(o) = o**3 + 2*o**2 - 6*o + 7. Calculate t(-6).
-101
Let g(j) = j**3 + 4*j**2 - 5*j + 6. What is g(-5)?
6
Let h(b) = b + 2. What is h(-4)?
-2
Let q(z) = z**2 + 19*z - 13. Give q(-20).
7
Let l(f) = 36*f + 5. Give l(-2).
-67
Let n(d) = 7*d + 167. Give n(-23).
6
Let y(o) = 11*o + 6. Calculate y(-3).
-27
Let f(q) = q**3 - 8*q**2 + q + 12. Give f(7).
-30
Let x(y) = y + 5. Determine x(-10).
-5
Let b(g) = -g**2 + 8*g - 15. What is b(2)?
-3
Let y(b) = -b**2 + 9*b - 2. What is y(5)?
18
Let h(s) = -s**3 + 31*s**2 + 2*s + 14. What is h(31)?
76
Let x(c) = -c**2 + 21*c - 32. Give x(19).
6
Let j(u) = 3*u**3 + 14*u**2 - 3*u + 10. What is j(-5)?
0
Let z(u) = 2*u**2 + 5*u + 1. Give z(-2).
-1
Let n(z) = -z**3 + 3*z**2 - 4*z - 13. Determine n(-2).
15
Let p(a) = -54*a**3 + 4*a - 3. Calculate p(1).
-53
Let q(a) = a**3 + 3*a**2 - 10*a - 11. What is q(-4)?
13
Let h(u) = u**3 - 17*u**2 - 37*u - 12. Give h(19).
7
Let f(t) = 6*t**2 + 3*t - 10. Calculate f(3).
53
Let c(u) = u - 21. What is c(9)?
-12
Let n(k) = -3*k**2 + 41*k + 14. What is n(14)?
0
Let u(w) = -4*w - 14. What is u(-7)?
14
Let m(v) = v**2 - 11*v + 37. What is m(7)?
9
Let p(q) = 4*q**3 + 23*q**2 + 14*q. What is p(-5)?
5
Let s(k) = -k**3 + 9*k**2 - 13*k - 17. Determine s(7).
-10
Let a(u) = u**3 - u**2 + u - 7. Give a(0).
-7
Let o(n) = -2*n - 10. Give o(-5).
0
Let s(j) = j**3 - 8*j - 4. Calculate s(-3).
-7
Let y(i) = i**3 - 6*i**2 + 7*i - 5. Calculate y(4).
-9
Let t(i) = -15*i + 154. Give t(10).
4
Let a(r) = -2*r**3 - 11*r**2 - 8*r - 76. Give a(-6).
8
Let a(w) = -5*w**2 + 67*w + 36. What is a(14)?
-6
Let j(s) = 2*s**3 + 11*s**2 + 5*s - 3. Calculate j(-5).
-3
Let j(s) = -20*s + 37. Give j(2).
-3
Let q(p) = -4*p - 43. Calculate q(-12).
5
Let u(l) = -4*l**2 + 2*l - 1. What is u(1)?
-3
Let w(v) = 7*v - 2. Calculate w(-13).
-93
Let r(h) = h**3 + 11*h**2 + 3*h - 13. What is r(-11)?
-46
Let x(k) = k + 18. Give x(-14).
4
Let h(w) = -w**2 - 13*w - 5. Determine h(-12).
7
Let j(w) = 20*w - 93. Calculate j(5).
7
Let a(m) = -15*m + 72. Give a(6).
-18
Let k(t) = -t**3 + 8*t**2 - 9*t + 8. Calculate k(7).
-6
Let l(o) = o**3 + 4*o**2 - 7*o - 27. Calculate l(-3).
3
Let k(r) = -3*r**2 - 9*r - 6. Calculate k(-8).
-126
Let m(o) = -o**2 + 7*o - 7. What is m(5)?
3
Let y(s) = -9*s - 8. Determine y(4).
-44
Let a(o) = -o**2 - 19*o - 14. Calculate a(-8).
74
Let c(t) = -2*t + 9. Calculate c(8).
-7
Let p(n) = 7*n**2 - 31*n - 5. Calculate p(5).
15
Let d(o) = o**3 - 26*o**2 - 27*o + 19. What is d(27)?
19
Let d(a) = -a**3 - 11*a**2 - 9*a + 10. Determine d(-10).
0
Let u(f) = f**2 + 15*f - 6. Determine u(-15).
-6
Let y(p) = -p**3 - 7*p**2 + 4*p - 4. Determine y(-7).
-32
Let f(r) = r**2 - 7*r - 57. Calculate f(11).
-13
Let o(c) = 2*c**2 + 33*c - 54. Give o(-18).
0
Let t(m) = -m**2 + 5*m + 87. Calculate t(-7).
3
Let v(w) = w**2 + 5*w - 6. Calculate v(-7).
8
Let a(k) = 5*k + 19. Calculate a(-8).
-21
Let x(r) = -r + 27. What is x(21)?
6
Let i(r) = -r**3 - 15*r**2 - 13*r + 5. Determine i(-14).
-9
Let x(w) = -w**3 - 5*w**2 + 11*w - 5. Give x(2).
-11
Let w(k) = -k - 6. Give w(4).
-10
Let f(c) = -c**3 - 2*c**2 - c + 4. Calculate f(-4).
40
Let b(m) = 9*m + 1. Determine b(3).
28
Let k(y) = -3*y - 27. Calculate k(-12).
9
Let x(m) = -m - 31. Give x(-25).
-6
Let c(i) = i**3 + 14*i**2 - 7*i + 41. Determine c(-15).
-79
Let w(v) = -2*v**2 + 23*v + 7. Determine w(11).
18
Let h(o) = -o**2 + 9*o - 9. Give h(6).
9
Let j(x) = -x**2 + 8*x + 64. Calculate j(12).
16
Let n(d) = -d**2 + 20*d - 25. What is n(18)?
11
Let k(j) = j**2 - 6*j - 5. What is k(-3)?
22
Let b(o) = o + 6. Give b(6).
12
Let j(f) = -5*f**2 + 4*f - 1. What is j(-2)?
-29
Let v(u) = 28*u - 222. Determine v(8).
2
Let r(o) = 4*o**2 - 17*o + 1. Determine r(2).
-17
Let k(y) = -2*y**2 - 4*y - 9. Calculate k(-8).
-105
Let x(m) = 2*m**3 - 5*m**2 - m - 9. What is x(4)?
35
Let d(i) = 2*i**2 + i - 6. Give d(2).
4
Let z(m) = -m**3 - 7*m**2 + 6*m - 1. Calculate z(-7).
-43
Let k(v) = -45*v - 487. Calculate k(-11).
8
Let p(n) = n**3 + 51*n**2 - 405*n + 63. What is p(-58)?
5
Let u(s) = -s**2 + 28*s + 41. Calculate u(32).
-87
Let t(m) = -m**3 + 7*m**2 + 22*m - 4. Calculate t(9).
32
Let f(u) = -6*u - 54. What is f(-8)?
-6
Let a(o) = -6*o - 26. Give a(-3).
-8
Let i(s) = 3*s + 48. What is i(-16)?
0
Let a(m) = -m - 15. Give a(-8).
-7
Let m(t) = -t**3. Calculate m(-1).
1
Let f(o) = -4*o + 21. Determine f(6).
-3
Let x(s) = 3*s + 16. Give x(-6).
-2
Let n(v) = -v**3 - 11*v**2 - 9*v + 8. Give n(-10).
-2
Let p(h) = -h**2 - 5*h + 5. Calculate p(2).
-9
Let n(o) = 4*o + 15. What is n(-6)?
-9
Let c(x) = x**3 - x**2 - x - 22. What is c(0)?
-22
Let n(g) = g**2 + 8*g + 6. Give n(-7).
-1
Let f(a) = a**3 + 37*a**2 + 133*a + 24. Give f(-33).
-9
Let g(v) = v**2 - 4*v + 4. Calculate g(3).
1
Let j(k) = -k - 12. Give j(17).
-29
Let d(v) = -2*v + 87. Give d(31).
25
Let n(f) = -2*f**2 - 36*f - 38. Give n(-17).
-4
Let o(v) = -4*v**2 + 14*v. What is o(4)?
-8
Let i(z) = z**2 + 19*z - 89. Determine i(4).
3
Let u(b) = b**3 - 6*b**2 + 3*b + 3. Determine u(4).
-17
Let d(x) = -x**2 + 25*x + 56. Give d(27).
2
Let s(w) = -8*w - 12. Calculate s(-3).
12
Let b(x) = -4*x**3 - 3*x - 10. Give b(-3).
107
Let k(f) = -9*f + 57. Determine k(6).
3
Let i(y) = y**2 + 23*y - 114. Determine i(-27).
-6
Let i(h) = 4*h + 4. What is i(-2)?
-4
Let b(w) = -4*w + 67. What is b(20)?
-13
Let k(i) = -6*i + 46. Calculate k(7).
4
Let x(z) = -7*z - 176. Calculate x(-20).
-36
Let h(k) = 19*k**2 - 2*k. Give h(-1).
21
Let f(m) = -5*m**2 + 4. What is f(2)?
-16
Let o(l) = -12*l - 58. Determine o(-3).
-22
Let c(f) = 12*f - 23. Calculate c(-5).
-83
Let j(d) = -16*d - 121. What is j(-8)?
7
Let j(b) = -15*b**2 - 48*b + 4. Determine j(-3).
13
Let p(w) = w**2 + 26*w + 166. Give p(-12).
-2
Let g(d) = -d**2 - 5*d + 3. Give g(-3).
9
Let o(v) = -2*v**2 - 24*v + 14. Calculate o(-12).
14
Let g(c) = c**3 - 2*c**2 - 3*c + 11. Determine g(3).
11
Let l(u) = 4*u - 46. Give l(11).
-2
Let f(p) = p + 44. What is f(-16)?
28
Let y(l) = 10*l**3 - 1. What is y(1)?
9
Let q(t) = -t**2 - 2*t + 17. What is q(0)?
17
Let j(y) = -y**3 - 13*y**2 + 13*y - 8. Determine j(-14).
6
Let b(m) = m**2 - 8*m - 16. What is b(11)?
17
Let z(f) = 61*f**3 - f. Determine z(-1).
-60
Let p(y) = y**2 + 4*y - 9. What is p(-6)?
3
Let p(q) = -45*q - 366. Calculate p(-8).
-6
Let q(x) = 7*x**2 + 4*x + 6. Determine q(-3).
57
Let b(g) = 